{"id":71,"date":"2023-04-21T11:35:56","date_gmt":"2023-04-21T14:35:56","guid":{"rendered":"https:\/\/bertuluccimoveis.com.br\/?page_id=71"},"modified":"2026-02-22T06:14:15","modified_gmt":"2026-02-22T09:14:15","slug":"pecas-reposicao","status":"publish","type":"page","link":"https:\/\/bertuluccimoveis.com.br\/index.php\/office\/pecas-reposicao\/","title":{"rendered":"Pe\u00e7as reposi\u00e7\u00e3o"},"content":{"rendered":"\n<div class=\"wp-block-query is-layout-flow\"><\/div>\n\n\n","protected":false},"excerpt":{"rendered":"","protected":false},"author":1,"featured_media":0,"parent":63,"menu_order":0,"comment_status":"closed","ping_status":"closed","template":"","meta":{"_mi_skip_tracking":false,"_joinchat":[]},"blocksy_meta":"","aioseo_notices":[],"_links":{"self":[{"href":"https:\/\/bertuluccimoveis.com.br\/index.php\/wp-json\/wp\/v2\/pages\/71"}],"collection":[{"href":"https:\/\/bertuluccimoveis.com.br\/index.php\/wp-json\/wp\/v2\/pages"}],"about":[{"href":"https:\/\/bertuluccimoveis.com.br\/index.php\/wp-json\/wp\/v2\/types\/page"}],"author":[{"embeddable":true,"href":"https:\/\/bertuluccimoveis.com.br\/index.php\/wp-json\/wp\/v2\/users\/1"}],"replies":[{"embeddable":true,"href":"https:\/\/bertuluccimoveis.com.br\/index.php\/wp-json\/wp\/v2\/comments?post=71"}],"version-history":[{"count":4,"href":"https:\/\/bertuluccimoveis.com.br\/index.php\/wp-json\/wp\/v2\/pages\/71\/revisions"}],"predecessor-version":[{"id":3359,"href":"https:\/\/bertuluccimoveis.com.br\/index.php\/wp-json\/wp\/v2\/pages\/71\/revisions\/3359"}],"up":[{"embeddable":true,"href":"https:\/\/bertuluccimoveis.com.br\/index.php\/wp-json\/wp\/v2\/pages\/63"}],"wp:attachment":[{"href":"https:\/\/bertuluccimoveis.com.br\/index.php\/wp-json\/wp\/v2\/media?parent=71"}],"curies":[{"name":"wp","href":"https:\/\/api.w.org\/{rel}","templated":true}]}}